{"id":1355,"date":"2021-02-02T08:21:22","date_gmt":"2021-02-02T08:21:22","guid":{"rendered":"https:\/\/lorenamorato.es\/?page_id=1355"},"modified":"2024-09-27T11:44:37","modified_gmt":"2024-09-27T11:44:37","slug":"home","status":"publish","type":"page","link":"https:\/\/lorenamorato.es\/","title":{"rendered":"Inicio"},"content":{"rendered":"\t\t<div data-elementor-type=\"wp-page\" data-elementor-id=\"1355\" class=\"elementor elementor-1355\">\n\t\t\t\t\t\t<section class=\"elementor-section elementor-top-section elementor-element elementor-element-b83952e elementor-section-boxed elementor-section-height-default elementor-section-height-default\" data-id=\"b83952e\" data-element_type=\"section\">\n\t\t\t\t\t\t<div class=\"elementor-container elementor-column-gap-default\">\n\t\t\t\t\t<div class=\"elementor-column elementor-col-100 elementor-top-column elementor-element elementor-element-7476e5c\" data-id=\"7476e5c\" data-element_type=\"column\">\n\t\t\t<div class=\"elementor-widget-wrap\">\n\t\t\t\t\t\t\t<\/div>\n\t\t<\/div>\n\t\t\t\t\t<\/div>\n\t\t<\/section>\n\t\t\t\t<section class=\"elementor-section elementor-top-section elementor-element elementor-element-f161a96 elementor-section-boxed elementor-section-height-default elementor-section-height-default\" data-id=\"f161a96\" data-element_type=\"section\">\n\t\t\t\t\t\t<div class=\"elementor-container elementor-column-gap-default\">\n\t\t\t\t\t<div class=\"elementor-column elementor-col-50 elementor-top-column elementor-element elementor-element-106f570\" data-id=\"106f570\" data-element_type=\"column\">\n\t\t\t<div class=\"elementor-widget-wrap elementor-element-populated\">\n\t\t\t\t\t\t<div class=\"elementor-element elementor-element-459a7d2 elementor-widget elementor-widget-heading\" data-id=\"459a7d2\" data-element_type=\"widget\" data-widget_type=\"heading.default\">\n\t\t\t\t<div class=\"elementor-widget-container\">\n\t\t\t<h2 class=\"elementor-heading-title elementor-size-default\">Lorena Morato<\/h2>\t\t<\/div>\n\t\t\t\t<\/div>\n\t\t\t\t<div class=\"elementor-element elementor-element-a55cc85 elementor-widget elementor-widget-text-editor\" data-id=\"a55cc85\" data-element_type=\"widget\" data-widget_type=\"text-editor.default\">\n\t\t\t\t<div class=\"elementor-widget-container\">\n\t\t\t\t\t\t\t<p>Es traductora, correctora editorial y editora de contenidos educativos. Cuando empez\u00f3 a escribir, siendo muy peque\u00f1a, enseguida comprendi\u00f3 que hab\u00eda descubierto algo que le gustar\u00eda toda la vida. Desde entonces ha escrito sobre todo fantas\u00eda. <i>El tacto del pasado <\/i>es su primera novela publicada.<\/p><p>Adem\u00e1s de leer y escribir, le apasionan la psicolog\u00eda, la bot\u00e1nica, la tarta de zanahoria y salir a pasear con su perrito.<span class=\"Apple-converted-space\">\u00a0<\/span><\/p>\t\t\t\t\t\t<\/div>\n\t\t\t\t<\/div>\n\t\t\t\t\t<\/div>\n\t\t<\/div>\n\t\t\t\t<div class=\"elementor-column elementor-col-50 elementor-top-column elementor-element elementor-element-fcfb171\" data-id=\"fcfb171\" data-element_type=\"column\">\n\t\t\t<div class=\"elementor-widget-wrap elementor-element-populated\">\n\t\t\t\t\t\t<div class=\"elementor-element elementor-element-cfd1c36 elementor-widget elementor-widget-image\" data-id=\"cfd1c36\" data-element_type=\"widget\" data-widget_type=\"image.default\">\n\t\t\t\t<div class=\"elementor-widget-container\">\n\t\t\t\t\t\t\t\t\t\t\t\t\t<img fetchpriority=\"high\" decoding=\"async\" width=\"886\" height=\"886\" src=\"https:\/\/lorenamorato.es\/wp-content\/uploads\/2023\/09\/foto-autora.jpeg\" class=\"attachment-large size-large wp-image-1466\" alt=\"\" srcset=\"https:\/\/lorenamorato.es\/wp-content\/uploads\/2023\/09\/foto-autora.jpeg 886w, https:\/\/lorenamorato.es\/wp-content\/uploads\/2023\/09\/foto-autora-300x300.jpeg 300w, https:\/\/lorenamorato.es\/wp-content\/uploads\/2023\/09\/foto-autora-150x150.jpeg 150w, https:\/\/lorenamorato.es\/wp-content\/uploads\/2023\/09\/foto-autora-768x768.jpeg 768w\" sizes=\"(max-width: 886px) 100vw, 886px\" \/>\t\t\t\t\t\t\t\t\t\t\t\t\t<\/div>\n\t\t\t\t<\/div>\n\t\t\t\t\t<\/div>\n\t\t<\/div>\n\t\t\t\t\t<\/div>\n\t\t<\/section>\n\t\t\t\t<section class=\"elementor-section elementor-top-section elementor-element elementor-element-0727e90 elementor-section-height-min-height elementor-section-boxed elementor-section-height-default elementor-section-items-middle\" data-id=\"0727e90\" data-element_type=\"section\" data-settings=\"{&quot;background_background&quot;:&quot;classic&quot;}\">\n\t\t\t\t\t\t\t<div class=\"elementor-background-overlay\"><\/div>\n\t\t\t\t\t\t\t<div class=\"elementor-container elementor-column-gap-no\">\n\t\t\t\t\t<div class=\"elementor-column elementor-col-100 elementor-top-column elementor-element elementor-element-fadab0a\" data-id=\"fadab0a\" data-element_type=\"column\">\n\t\t\t<div class=\"elementor-widget-wrap elementor-element-populated\">\n\t\t\t\t\t\t<div class=\"elementor-element elementor-element-94a07f3 elementor-widget elementor-widget-heading\" data-id=\"94a07f3\" data-element_type=\"widget\" data-widget_type=\"heading.default\">\n\t\t\t\t<div class=\"elementor-widget-container\">\n\t\t\t<h3 class=\"elementor-heading-title elementor-size-default\">Obras y eventos<\/h3>\t\t<\/div>\n\t\t\t\t<\/div>\n\t\t\t\t<div class=\"elementor-element elementor-element-cdd8d8d elementor-widget-divider--view-line elementor-widget elementor-widget-divider\" data-id=\"cdd8d8d\" data-element_type=\"widget\" data-widget_type=\"divider.default\">\n\t\t\t\t<div class=\"elementor-widget-container\">\n\t\t\t\t\t<div class=\"elementor-divider\">\n\t\t\t<span class=\"elementor-divider-separator\">\n\t\t\t\t\t\t<\/span>\n\t\t<\/div>\n\t\t\t\t<\/div>\n\t\t\t\t<\/div>\n\t\t\t\t<section class=\"elementor-section elementor-inner-section elementor-element elementor-element-a9a790e elementor-section-boxed elementor-section-height-default elementor-section-height-default\" data-id=\"a9a790e\" data-element_type=\"section\">\n\t\t\t\t\t\t<div class=\"elementor-container elementor-column-gap-default\">\n\t\t\t\t\t<div class=\"elementor-column elementor-col-33 elementor-inner-column elementor-element elementor-element-1d348a4\" data-id=\"1d348a4\" data-element_type=\"column\" data-settings=\"{&quot;background_background&quot;:&quot;classic&quot;}\">\n\t\t\t<div class=\"elementor-widget-wrap elementor-element-populated\">\n\t\t\t\t\t\t<div class=\"elementor-element elementor-element-527ecfa elementor-widget elementor-widget-image\" data-id=\"527ecfa\" data-element_type=\"widget\" data-widget_type=\"image.default\">\n\t\t\t\t<div class=\"elementor-widget-container\">\n\t\t\t\t\t\t\t\t\t\t\t\t\t<img decoding=\"async\" width=\"1024\" height=\"780\" data-src=\"https:\/\/lorenamorato.es\/wp-content\/uploads\/2023\/09\/libro_tacto_varios-1024x780.png\" class=\"attachment-large size-large wp-image-1539 lazyload\" alt=\"\" data-srcset=\"https:\/\/lorenamorato.es\/wp-content\/uploads\/2023\/09\/libro_tacto_varios-1024x780.png 1024w, https:\/\/lorenamorato.es\/wp-content\/uploads\/2023\/09\/libro_tacto_varios-300x228.png 300w, https:\/\/lorenamorato.es\/wp-content\/uploads\/2023\/09\/libro_tacto_varios-768x585.png 768w, https:\/\/lorenamorato.es\/wp-content\/uploads\/2023\/09\/libro_tacto_varios-1536x1169.png 1536w, https:\/\/lorenamorato.es\/wp-content\/uploads\/2023\/09\/libro_tacto_varios.png 1600w\" data-sizes=\"(max-width: 1024px) 100vw, 1024px\" src=\"data:image\/gif;base64,R0lGODlhAQABAAAAACH5BAEKAAEALAAAAAABAAEAAAICTAEAOw==\" style=\"--smush-placeholder-width: 1024px; --smush-placeholder-aspect-ratio: 1024\/780;\" \/><noscript><img decoding=\"async\" width=\"1024\" height=\"780\" src=\"https:\/\/lorenamorato.es\/wp-content\/uploads\/2023\/09\/libro_tacto_varios-1024x780.png\" class=\"attachment-large size-large wp-image-1539\" alt=\"\" srcset=\"https:\/\/lorenamorato.es\/wp-content\/uploads\/2023\/09\/libro_tacto_varios-1024x780.png 1024w, https:\/\/lorenamorato.es\/wp-content\/uploads\/2023\/09\/libro_tacto_varios-300x228.png 300w, https:\/\/lorenamorato.es\/wp-content\/uploads\/2023\/09\/libro_tacto_varios-768x585.png 768w, https:\/\/lorenamorato.es\/wp-content\/uploads\/2023\/09\/libro_tacto_varios-1536x1169.png 1536w, https:\/\/lorenamorato.es\/wp-content\/uploads\/2023\/09\/libro_tacto_varios.png 1600w\" sizes=\"(max-width: 1024px) 100vw, 1024px\" \/><\/noscript>\t\t\t\t\t\t\t\t\t\t\t\t\t<\/div>\n\t\t\t\t<\/div>\n\t\t\t\t<div class=\"elementor-element elementor-element-632bd01 elementor-widget elementor-widget-heading\" data-id=\"632bd01\" data-element_type=\"widget\" data-widget_type=\"heading.default\">\n\t\t\t\t<div class=\"elementor-widget-container\">\n\t\t\t<h6 class=\"elementor-heading-title elementor-size-default\">El tacto del pasado<\/h6>\t\t<\/div>\n\t\t\t\t<\/div>\n\t\t\t\t<div class=\"elementor-element elementor-element-c6fb8b5 elementor-widget elementor-widget-text-editor\" data-id=\"c6fb8b5\" data-element_type=\"widget\" data-widget_type=\"text-editor.default\">\n\t\t\t\t<div class=\"elementor-widget-container\">\n\t\t\t\t\t\t\t<p>Novela<br \/>Fantas\u00eda juvenil<\/p>\t\t\t\t\t\t<\/div>\n\t\t\t\t<\/div>\n\t\t\t\t<div class=\"elementor-element elementor-element-c9d7682 elementor-view-framed elementor-shape-circle elementor-widget elementor-widget-icon\" data-id=\"c9d7682\" data-element_type=\"widget\" data-widget_type=\"icon.default\">\n\t\t\t\t<div class=\"elementor-widget-container\">\n\t\t\t\t\t<div class=\"elementor-icon-wrapper\">\n\t\t\t<a class=\"elementor-icon\" href=\"https:\/\/lorenamorato.es\/?page_id=1440\">\n\t\t\t<i aria-hidden=\"true\" class=\"fas fa-arrow-right\"><\/i>\t\t\t<\/a>\n\t\t<\/div>\n\t\t\t\t<\/div>\n\t\t\t\t<\/div>\n\t\t\t\t\t<\/div>\n\t\t<\/div>\n\t\t\t\t<div class=\"elementor-column elementor-col-33 elementor-inner-column elementor-element elementor-element-4f630d1\" data-id=\"4f630d1\" data-element_type=\"column\" data-settings=\"{&quot;background_background&quot;:&quot;classic&quot;}\">\n\t\t\t<div class=\"elementor-widget-wrap elementor-element-populated\">\n\t\t\t\t\t\t<div class=\"elementor-element elementor-element-1a55862 elementor-widget elementor-widget-image\" data-id=\"1a55862\" data-element_type=\"widget\" data-widget_type=\"image.default\">\n\t\t\t\t<div class=\"elementor-widget-container\">\n\t\t\t\t\t\t\t\t\t\t\t\t\t<img decoding=\"async\" width=\"1024\" height=\"780\" data-src=\"https:\/\/lorenamorato.es\/wp-content\/uploads\/2023\/09\/thumbnail_web_bruja-1024x780.jpg\" class=\"attachment-large size-large wp-image-1649 lazyload\" alt=\"\" data-srcset=\"https:\/\/lorenamorato.es\/wp-content\/uploads\/2023\/09\/thumbnail_web_bruja-1024x780.jpg 1024w, https:\/\/lorenamorato.es\/wp-content\/uploads\/2023\/09\/thumbnail_web_bruja-300x228.jpg 300w, https:\/\/lorenamorato.es\/wp-content\/uploads\/2023\/09\/thumbnail_web_bruja-768x585.jpg 768w, https:\/\/lorenamorato.es\/wp-content\/uploads\/2023\/09\/thumbnail_web_bruja-1536x1169.jpg 1536w, https:\/\/lorenamorato.es\/wp-content\/uploads\/2023\/09\/thumbnail_web_bruja.jpg 1600w\" data-sizes=\"(max-width: 1024px) 100vw, 1024px\" src=\"data:image\/gif;base64,R0lGODlhAQABAAAAACH5BAEKAAEALAAAAAABAAEAAAICTAEAOw==\" style=\"--smush-placeholder-width: 1024px; --smush-placeholder-aspect-ratio: 1024\/780;\" \/><noscript><img decoding=\"async\" width=\"1024\" height=\"780\" src=\"https:\/\/lorenamorato.es\/wp-content\/uploads\/2023\/09\/thumbnail_web_bruja-1024x780.jpg\" class=\"attachment-large size-large wp-image-1649\" alt=\"\" srcset=\"https:\/\/lorenamorato.es\/wp-content\/uploads\/2023\/09\/thumbnail_web_bruja-1024x780.jpg 1024w, https:\/\/lorenamorato.es\/wp-content\/uploads\/2023\/09\/thumbnail_web_bruja-300x228.jpg 300w, https:\/\/lorenamorato.es\/wp-content\/uploads\/2023\/09\/thumbnail_web_bruja-768x585.jpg 768w, https:\/\/lorenamorato.es\/wp-content\/uploads\/2023\/09\/thumbnail_web_bruja-1536x1169.jpg 1536w, https:\/\/lorenamorato.es\/wp-content\/uploads\/2023\/09\/thumbnail_web_bruja.jpg 1600w\" sizes=\"(max-width: 1024px) 100vw, 1024px\" \/><\/noscript>\t\t\t\t\t\t\t\t\t\t\t\t\t<\/div>\n\t\t\t\t<\/div>\n\t\t\t\t<div class=\"elementor-element elementor-element-fd7c949 elementor-widget elementor-widget-heading\" data-id=\"fd7c949\" data-element_type=\"widget\" data-widget_type=\"heading.default\">\n\t\t\t\t<div class=\"elementor-widget-container\">\n\t\t\t<h6 class=\"elementor-heading-title elementor-size-default\">La canci\u00f3n de su vida<\/h6>\t\t<\/div>\n\t\t\t\t<\/div>\n\t\t\t\t<div class=\"elementor-element elementor-element-4d6b9f1 elementor-widget elementor-widget-text-editor\" data-id=\"4d6b9f1\" data-element_type=\"widget\" data-widget_type=\"text-editor.default\">\n\t\t\t\t<div class=\"elementor-widget-container\">\n\t\t\t\t\t\t\t<p>Relato en la antolog\u00eda<br>Hermandad de la Noche.<\/p>\n<p>Fecha de publicaci\u00f3n<br>Octubre, 2024<\/p>\t\t\t\t\t\t<\/div>\n\t\t\t\t<\/div>\n\t\t\t\t\t<\/div>\n\t\t<\/div>\n\t\t\t\t<div class=\"elementor-column elementor-col-33 elementor-inner-column elementor-element elementor-element-14208d4\" data-id=\"14208d4\" data-element_type=\"column\" data-settings=\"{&quot;background_background&quot;:&quot;classic&quot;}\">\n\t\t\t<div class=\"elementor-widget-wrap elementor-element-populated\">\n\t\t\t\t\t\t<div class=\"elementor-element elementor-element-4d84aa8 elementor-widget elementor-widget-image\" data-id=\"4d84aa8\" data-element_type=\"widget\" data-widget_type=\"image.default\">\n\t\t\t\t<div class=\"elementor-widget-container\">\n\t\t\t\t\t\t\t\t\t\t\t\t\t<img loading=\"lazy\" decoding=\"async\" width=\"342\" height=\"91\" data-src=\"https:\/\/lorenamorato.es\/wp-content\/uploads\/2024\/04\/libroideas.png\" class=\"attachment-full size-full wp-image-1716 lazyload\" alt=\"\" data-srcset=\"https:\/\/lorenamorato.es\/wp-content\/uploads\/2024\/04\/libroideas.png 342w, https:\/\/lorenamorato.es\/wp-content\/uploads\/2024\/04\/libroideas-300x80.png 300w\" data-sizes=\"(max-width: 342px) 100vw, 342px\" src=\"data:image\/gif;base64,R0lGODlhAQABAAAAACH5BAEKAAEALAAAAAABAAEAAAICTAEAOw==\" style=\"--smush-placeholder-width: 342px; --smush-placeholder-aspect-ratio: 342\/91;\" \/><noscript><img loading=\"lazy\" decoding=\"async\" width=\"342\" height=\"91\" src=\"https:\/\/lorenamorato.es\/wp-content\/uploads\/2024\/04\/libroideas.png\" class=\"attachment-full size-full wp-image-1716\" alt=\"\" srcset=\"https:\/\/lorenamorato.es\/wp-content\/uploads\/2024\/04\/libroideas.png 342w, https:\/\/lorenamorato.es\/wp-content\/uploads\/2024\/04\/libroideas-300x80.png 300w\" sizes=\"(max-width: 342px) 100vw, 342px\" \/><\/noscript>\t\t\t\t\t\t\t\t\t\t\t\t\t<\/div>\n\t\t\t\t<\/div>\n\t\t\t\t<div class=\"elementor-element elementor-element-5c86cd2 elementor-widget elementor-widget-heading\" data-id=\"5c86cd2\" data-element_type=\"widget\" data-widget_type=\"heading.default\">\n\t\t\t\t<div class=\"elementor-widget-container\">\n\t\t\t<h6 class=\"elementor-heading-title elementor-size-default\">Eventos<\/h6>\t\t<\/div>\n\t\t\t\t<\/div>\n\t\t\t\t<div class=\"elementor-element elementor-element-8906d94 elementor-widget elementor-widget-text-editor\" data-id=\"8906d94\" data-element_type=\"widget\" data-widget_type=\"text-editor.default\">\n\t\t\t\t<div class=\"elementor-widget-container\">\n\t\t\t\t\t\t\t<p>Presentaci\u00f3n<br \/><span style=\"font-style: inherit;\">El tacto del pasado<\/span><\/p><p>Libro Ideas<br \/>C.C. Plenilunio<br \/>C\/ Aracne, s\/n, 20222, Madrid<\/p><p>Viernes, 17 de mayo<br \/>A las 18:30h<\/p>\t\t\t\t\t\t<\/div>\n\t\t\t\t<\/div>\n\t\t\t\t\t<\/div>\n\t\t<\/div>\n\t\t\t\t\t<\/div>\n\t\t<\/section>\n\t\t\t\t\t<\/div>\n\t\t<\/div>\n\t\t\t\t\t<\/div>\n\t\t<\/section>\n\t\t\t\t<section class=\"elementor-section elementor-top-section elementor-element elementor-element-baad029 elementor-section-boxed elementor-section-height-default elementor-section-height-default\" data-id=\"baad029\" data-element_type=\"section\" data-settings=\"{&quot;background_background&quot;:&quot;classic&quot;}\">\n\t\t\t\t\t\t<div class=\"elementor-container elementor-column-gap-no\">\n\t\t\t\t\t<div class=\"elementor-column elementor-col-100 elementor-top-column elementor-element elementor-element-c1cfa93\" data-id=\"c1cfa93\" data-element_type=\"column\">\n\t\t\t<div class=\"elementor-widget-wrap elementor-element-populated\">\n\t\t\t\t\t\t<section class=\"elementor-section elementor-inner-section elementor-element elementor-element-20527eb elementor-section-boxed elementor-section-height-default elementor-section-height-default\" data-id=\"20527eb\" data-element_type=\"section\">\n\t\t\t\t\t\t<div class=\"elementor-container elementor-column-gap-no\">\n\t\t\t\t\t<div class=\"elementor-column elementor-col-100 elementor-inner-column elementor-element elementor-element-be4a5eb\" data-id=\"be4a5eb\" data-element_type=\"column\">\n\t\t\t<div class=\"elementor-widget-wrap elementor-element-populated\">\n\t\t\t\t\t\t<div class=\"elementor-element elementor-element-1d73ff0 elementor-widget elementor-widget-heading\" data-id=\"1d73ff0\" data-element_type=\"widget\" data-widget_type=\"heading.default\">\n\t\t\t\t<div class=\"elementor-widget-container\">\n\t\t\t<h3 class=\"elementor-heading-title elementor-size-default\">Contacto<\/h3>\t\t<\/div>\n\t\t\t\t<\/div>\n\t\t\t\t<div class=\"elementor-element elementor-element-f18deea elementor-widget elementor-widget-text-editor\" data-id=\"f18deea\" data-element_type=\"widget\" data-widget_type=\"text-editor.default\">\n\t\t\t\t<div class=\"elementor-widget-container\">\n\t\t\t\t\t\t\t<p>Si quieres preguntarme, contarme o decirme algo,<br \/><span style=\"font-style: inherit; background-color: var( --e-global-color-astglobalcolor5 ); color: var(--ast-global-color-3);\">\u00a1aqu\u00ed puedes contactar conmigo!<\/span><\/p>\t\t\t\t\t\t<\/div>\n\t\t\t\t<\/div>\n\t\t\t\t<div class=\"elementor-element elementor-element-b43ec61 elementor-widget-divider--view-line elementor-widget elementor-widget-divider\" data-id=\"b43ec61\" data-element_type=\"widget\" data-widget_type=\"divider.default\">\n\t\t\t\t<div class=\"elementor-widget-container\">\n\t\t\t\t\t<div class=\"elementor-divider\">\n\t\t\t<span class=\"elementor-divider-separator\">\n\t\t\t\t\t\t<\/span>\n\t\t<\/div>\n\t\t\t\t<\/div>\n\t\t\t\t<\/div>\n\t\t\t\t\t<\/div>\n\t\t<\/div>\n\t\t\t\t\t<\/div>\n\t\t<\/section>\n\t\t\t\t<section class=\"elementor-section elementor-inner-section elementor-element elementor-element-e0b13ad elementor-section-boxed elementor-section-height-default elementor-section-height-default\" data-id=\"e0b13ad\" data-element_type=\"section\">\n\t\t\t\t\t\t<div class=\"elementor-container elementor-column-gap-default\">\n\t\t\t\t\t<div class=\"elementor-column elementor-col-100 elementor-inner-column elementor-element elementor-element-e79cd86\" data-id=\"e79cd86\" data-element_type=\"column\">\n\t\t\t<div class=\"elementor-widget-wrap elementor-element-populated\">\n\t\t\t\t\t\t<div class=\"elementor-element elementor-element-355aa2f elementor-widget elementor-widget-wpforms\" data-id=\"355aa2f\" data-element_type=\"widget\" data-widget_type=\"wpforms.default\">\n\t\t\t\t<div class=\"elementor-widget-container\">\n\t\t\t<div class=\"wpforms-container \" id=\"wpforms-1392\"><form id=\"wpforms-form-1392\" class=\"wpforms-validate wpforms-form wpforms-ajax-form\" data-formid=\"1392\" method=\"post\" enctype=\"multipart\/form-data\" action=\"\/index.php?rest_route=%2Fwp%2Fv2%2Fpages%2F1355\" data-token=\"2ea8d173d392c16707ba9c8269ab193a\" data-token-time=\"1776677191\"><noscript class=\"wpforms-error-noscript\">Por favor, activa JavaScript en tu navegador para completar este formulario.<\/noscript><div class=\"wpforms-field-container\"><div id=\"wpforms-1392-field_0-container\" class=\"wpforms-field wpforms-field-name\" data-field-id=\"0\"><label class=\"wpforms-field-label\" for=\"wpforms-1392-field_0\">Nombre y apellido <span class=\"wpforms-required-label\">*<\/span><\/label><input type=\"text\" id=\"wpforms-1392-field_0\" class=\"wpforms-field-medium wpforms-field-required\" name=\"wpforms[fields][0]\" required><\/div><div id=\"wpforms-1392-field_1-container\" class=\"wpforms-field wpforms-field-email\" data-field-id=\"1\"><label class=\"wpforms-field-label\" for=\"wpforms-1392-field_1\">Email <span class=\"wpforms-required-label\">*<\/span><\/label><input type=\"email\" id=\"wpforms-1392-field_1\" class=\"wpforms-field-medium wpforms-field-required\" name=\"wpforms[fields][1]\" spellcheck=\"false\" required><\/div><div id=\"wpforms-1392-field_2-container\" class=\"wpforms-field wpforms-field-textarea\" data-field-id=\"2\"><label class=\"wpforms-field-label\" for=\"wpforms-1392-field_2\">Mensaje<\/label><textarea id=\"wpforms-1392-field_2\" class=\"wpforms-field-medium\" name=\"wpforms[fields][2]\" ><\/textarea><\/div><\/div><!-- .wpforms-field-container --><div class=\"wpforms-submit-container\" ><input type=\"hidden\" name=\"wpforms[id]\" value=\"1392\"><input type=\"hidden\" name=\"page_title\" value=\"\"><input type=\"hidden\" name=\"page_url\" value=\"https:\/\/lorenamorato.es\/index.php?rest_route=%2Fwp%2Fv2%2Fpages%2F1355\"><button type=\"submit\" name=\"wpforms[submit]\" id=\"wpforms-submit-1392\" class=\"wpforms-submit\" data-alt-text=\"Enviando...\" data-submit-text=\"Enviar\" aria-live=\"assertive\" value=\"wpforms-submit\">Enviar<\/button><img loading=\"lazy\" decoding=\"async\" data-src=\"https:\/\/lorenamorato.es\/wp-content\/plugins\/wpforms-lite\/assets\/images\/submit-spin.svg\" class=\"wpforms-submit-spinner lazyload\" style=\"--smush-placeholder-width: 26px; --smush-placeholder-aspect-ratio: 26\/26;display: none;\" width=\"26\" height=\"26\" alt=\"Cargando\" src=\"data:image\/gif;base64,R0lGODlhAQABAAAAACH5BAEKAAEALAAAAAABAAEAAAICTAEAOw==\"><noscript><img loading=\"lazy\" decoding=\"async\" src=\"https:\/\/lorenamorato.es\/wp-content\/plugins\/wpforms-lite\/assets\/images\/submit-spin.svg\" class=\"wpforms-submit-spinner\" style=\"display: none;\" width=\"26\" height=\"26\" alt=\"Cargando\"><\/noscript><\/div><\/form><\/div>  <!-- .wpforms-container -->\t\t<\/div>\n\t\t\t\t<\/div>\n\t\t\t\t\t<\/div>\n\t\t<\/div>\n\t\t\t\t\t<\/div>\n\t\t<\/section>\n\t\t\t\t\t<\/div>\n\t\t<\/div>\n\t\t\t\t\t<\/div>\n\t\t<\/section>\n\t\t\t\t<\/div>\n\t\t","protected":false},"excerpt":{"rendered":"<p>Lorena Morato Es traductora, correctora editorial y editora de contenidos educativos. Cuando empez\u00f3 a escribir, siendo muy peque\u00f1a, enseguida comprendi\u00f3 que hab\u00eda descubierto algo que le gustar\u00eda toda la vida. Desde entonces ha escrito sobre todo fantas\u00eda. El tacto del pasado es su primera novela publicada. Adem\u00e1s de leer y escribir, le apasionan la psicolog\u00eda, [&hellip;]<\/p>\n","protected":false},"author":1,"featured_media":0,"parent":0,"menu_order":0,"comment_status":"closed","ping_status":"closed","template":"elementor_header_footer","meta":{"site-sidebar-layout":"no-sidebar","site-content-layout":"page-builder","ast-site-content-layout":"","site-content-style":"default","site-sidebar-style":"default","ast-global-header-display":"","ast-banner-title-visibility":"","ast-main-header-display":"","ast-hfb-above-header-display":"","ast-hfb-below-header-display":"","ast-hfb-mobile-header-display":"","site-post-title":"disabled","ast-breadcrumbs-content":"disabled","ast-featured-img":"disabled","footer-sml-layout":"","theme-transparent-header-meta":"enabled","adv-header-id-meta":"","stick-header-meta":"","header-above-stick-meta":"","header-main-stick-meta":"","header-below-stick-meta":"","astra-migrate-meta-layouts":"default","ast-page-background-enabled":"default","ast-page-background-meta":{"desktop":{"background-color":"","background-image":"","background-repeat":"repeat","background-position":"center center","background-size":"auto","background-attachment":"scroll","background-type":"","background-media":"","overlay-type":"","overlay-color":"","overlay-gradient":""},"tablet":{"background-color":"","background-image":"","background-repeat":"repeat","background-position":"center center","background-size":"auto","background-attachment":"scroll","background-type":"","background-media":"","overlay-type":"","overlay-color":"","overlay-gradient":""},"mobile":{"background-color":"","background-image":"","background-repeat":"repeat","background-position":"center center","background-size":"auto","background-attachment":"scroll","background-type":"","background-media":"","overlay-type":"","overlay-color":"","overlay-gradient":""}},"ast-content-background-meta":{"desktop":{"background-color":"var(--ast-global-color-5)","background-image":"","background-repeat":"repeat","background-position":"center center","background-size":"auto","background-attachment":"scroll","background-type":"","background-media":"","overlay-type":"","overlay-color":"","overlay-gradient":""},"tablet":{"background-color":"var(--ast-global-color-5)","background-image":"","background-repeat":"repeat","background-position":"center center","background-size":"auto","background-attachment":"scroll","background-type":"","background-media":"","overlay-type":"","overlay-color":"","overlay-gradient":""},"mobile":{"background-color":"var(--ast-global-color-5)","background-image":"","background-repeat":"repeat","background-position":"center center","background-size":"auto","background-attachment":"scroll","background-type":"","background-media":"","overlay-type":"","overlay-color":"","overlay-gradient":""}},"footnotes":""},"aioseo_notices":[],"_links":{"self":[{"href":"https:\/\/lorenamorato.es\/index.php?rest_route=\/wp\/v2\/pages\/1355"}],"collection":[{"href":"https:\/\/lorenamorato.es\/index.php?rest_route=\/wp\/v2\/pages"}],"about":[{"href":"https:\/\/lorenamorato.es\/index.php?rest_route=\/wp\/v2\/types\/page"}],"author":[{"embeddable":true,"href":"https:\/\/lorenamorato.es\/index.php?rest_route=\/wp\/v2\/users\/1"}],"replies":[{"embeddable":true,"href":"https:\/\/lorenamorato.es\/index.php?rest_route=%2Fwp%2Fv2%2Fcomments&post=1355"}],"version-history":[{"count":117,"href":"https:\/\/lorenamorato.es\/index.php?rest_route=\/wp\/v2\/pages\/1355\/revisions"}],"predecessor-version":[{"id":1733,"href":"https:\/\/lorenamorato.es\/index.php?rest_route=\/wp\/v2\/pages\/1355\/revisions\/1733"}],"wp:attachment":[{"href":"https:\/\/lorenamorato.es\/index.php?rest_route=%2Fwp%2Fv2%2Fmedia&parent=1355"}],"curies":[{"name":"wp","href":"https:\/\/api.w.org\/{rel}","templated":true}]}}